14*i - 13. Let w be v(15). Let m(a) = 3*a - 3. Determine m(w).
3
Let z(s) be the first derivative of s**2/2 + 9*s - 1. Let f be z(-5). Suppose 2*d = f*d - 6. Let h(n) = n**3 - 4*n**2 + 2*n - 3. Give h(d).
-6
Let z(o) be the first derivative of -1 + 0*o**3 + 1/2*o**4 + o + o**2. What is z(-1)?
-3
Suppose 2*y - y = 5*p + 16, -5*p - 17 = -2*y. Let a(d) = d**3 + 2*d**2 - d + 2. Give a(p).
-4
Let i(r) be the first derivative of -r**2/2 + r - 3. Let l be (-3)/(-24)*6*4. Give i(l).
-2
Let c(a) = -3*a**3 + 4*a**2 + 3*a + 1. Let k be c(-2). Let y(l) = -4*l + k - 35. What is y(1)?
-4
Let q = -31 - -33. Let f(s) be the third derivative of 0*s - 1/15*s**5 - s**q + 1/3*s**3 + 1/24*s**4 + 0. Determine f(2).
-12
Let g(u) = 5*u - 36. Suppose 5*n - 3*l = -l + 47, -5*n + 4*l + 39 = 0. Let d(r) = -4 - 1 - 2 + r. Let p(m) = n*d(m) - 2*g(m). What is p(4)?
-1
Let t(a) be the third derivative of -a**4/24 + a**3/6 - a**2. Let s be -7 + 5 + (-4)/2. Give t(s).
5
Suppose -21 = 6*q - 13*q. Let d(u) = -u**3 + 2*u**2 + 2*u + 4. Calculate d(q).
1
Let h(g) = g**3 - g**2 + g + 1. Let q(l) = -l**3 - 3*l**2 - 4*l. Let t(p) = -2*h(p) - q(p). Calculate t(5).
8
Let p(l) be the third derivative of -l**6/120 - l**5/10 - l**4/24 + l**3/6 - 7*l**2. Calculate p(-6).
7
Let n(h) = 3*h**3 + h. Suppose -35 = -6*m + 31. Suppose 0 = m*x - 14*x + 3. What is n(x)?
4
Let a = -14 - -16. Let x(z) = -3*z**2 + 2*z + 1. Calculate x(a).
-7
Suppose -4*l - 12 = 0, 0*l = -f + 2*l + 1. Let n = 1 - 1. Let c(r) = -3 + n*r**2 - r**2 - 3*r**2 - r**3 + 4*r. Determine c(f).
2
Suppose -6 + 24 = 3*y. Let a(f) = -4*f + 2. Let u be a(-2). Let z = y - u. Let c(i) = -i**3 - 3*i**2 + 2*i. Calculate c(z).
8
Let n(t) = -2*t - 1. Let d be n(-3). Suppose -2*f - d = 3*f. Let z(x) = -13*x**2 - 2*x - 1. Determine z(f).
-12
Let h = 27 - 21. Let k(y) = -h*y + 5 + 3*y**3 - 4*y**3 - 2*y**2 - 5*y**2. Suppose -2*u - 19 = -7. Give k(u).
5
Let x(c) = c**2 + 4*c. Let f = 35 + -38. Calculate x(f).
-3
Let y(p) = p**3 - p**2 + 1. Let x be y(0). Let k(u) be the third derivative of u**6/15 - u**4/24 + u**2. Determine k(x).
7
Let a(t) = 3*t**2 - 5*t**2 + 23*t - 22*t - 4*t**3. Give a(1).
-5
Let y(j) = j**2 - j + 6. Let c be 4/(-10) - (-22)/55. Determine y(c).
6
Let v(n) be the third derivative of n**6/360 + n**5/120 - n**4/8 + 3*n**2. Let z(x) be the second derivative of v(x). Determine z(-5).
-9
Let p(y) be the first derivative of -2*y**2 + 5*y + 14. What is p(6)?
-19
Let q(t) = -3*t + 6. Let i(h) = -2*h**2 - 4*h + 1 + 1 + 3*h**2. Let a be i(4). Let u be (a/4)/(6/48). What is q(u)?
-6
Let w(m) = -m - 9. Let s be w(-8). Let n be 0*((-1)/2)/s. Let g(c) = -c + 1. Determine g(n).
1
Let p(r) = -r**2 + 8. Let b(o) = -2*o**2 + 15. Let k be 4*(2 - 44/16). Let n(d) = k*b(d) + 5*p(d). Calculate n(0).
-5
Let d(m) = m + 3*m + 2*m - 7 - 4*m. Give d(5).
3
Let n(v) = 5*v**2 + 4*v - 3. Let i be ((-6)/(6/(-2)))/((-1)/(-1)). Calculate n(i).
25
Suppose -3 = -2*w + 7. Let r(z) = -z + 2*z + w*z. What is r(1)?
6
Let a(c) = -c**3 - c**2 + 1. Suppose 4*u + 73 = 5. Let h = 17 + u. Calculate a(h).
1
Suppose 0 = -5*r - l, -5 = 5*r + 3*l + 5. Let j(d) be the second derivative of d**5/20 - d**4/6 + d**3/6 + d. Calculate j(r).
0
Let n be (-30)/9*12/(-10). Suppose l - 4*l = -3*u, 0 = n*u - 16. Let t(d) = -3*d**2 - d**3 + 1 + 6*d**2 + 2*d + d. Give t(l).
-3
Let z(b) = -1. Let k(t) = -t. Let h(v) = k(v) + 5*z(v). What is h(0)?
-5
Let m be (-456)/(-171)*(-18)/(-8). Let j(k) = -2*k + 5 - k**2 - 4*k + 2*k**2. Determine j(m).
5
Suppose 12 = 22*i + 78. Let y(r) be the first derivative of -r**2 + r + 1. Give y(i).
7
Suppose 3*p + 3 = -9. Let x(s) = -7*s**3 - 5*s**2 - 7*s - 5. Let c(a) = 3*a**3 + 3*a**2 + 3*a + 2. Let r(m) = 5*c(m) + 2*x(m). What is r(p)?
12
Let l(o) = o**2 - 14*o + 17. Let y(a) = a**3 + 10*a**2 - 3*a - 17. Let u be y(-10). What is l(u)?
4
Let z(r) = 2*r**2 + r - 2. Let m be z(2). Let j = 12 - m. Let a be (-2)/j*20/(-2). Let k(q) = -q**2 + 5*q + 4. Calculate k(a).
4
Suppose -k + 3 = -0. Let h(w) = 4*w**2 + 6*w - 6. Let q(p) = -5*p**2 - 6*p + 6. Let d(m) = k*q(m) + 4*h(m). Let y be 6/(-12) - 33/6. Calculate d(y).
-6
Let o(g) = -1. Let w(j) = j**2 + 11*j - 16. Let m(v) = -6*o(v) + w(v). Calculate m(-12).
2
Let u(w) = w**3 + 3*w**2 - w - 1. Let r be u(-3). Let o(v) = 2*v - v**2 + v**3 - 4*v**2 + r*v. Let n be o(4). Let s(h) = -h. Determine s(n).
0
Let d(w) = w - 12. Let p be (24/14)/(2/7). What is d(p)?
-6
Let n(s) be the third derivative of 1/6*s**3 + 0*s - 1/8*s**4 - 3*s**2 + 0. Determine n(-3).
10
Let n(s) = -1. Let f(k) = -k + 8. Let l(g) = -f(g) + 4*n(g). Give l(6).
-6
Let q(t) = 2*t + 6 + t**3 + t**2 - 3*t + 0. Suppose -3*i = -5*u - 3, -5 + 0 = 2*u - 5*i. Give q(u).
6
Let v(i) be the second derivative of 7/2*i**2 + 0 + 1/6*i**3 - i - 1/12*i**4. What is v(0)?
7
Let m = -2 - -3. Let f(v) = -3*v**3 + 4 + 2*v - 2*v**2 + 0*v**3 - 5. What is f(m)?
-4
Let g(i) = 6*i**3 + 2*i**2 + 2*i + 1. Let l be g(-1). Let f(m) = 17 + 5*m + m - 5*m - 15. Calculate f(l).
-3
Let i(r) = -r. Let k(m) = -5*m - 4. Let h(d) = -4*i(d) + k(d). Determine h(-6).
2
Let m(j) = j**2 - 4*j + 4. Let a(f) = -5*f + 1. Let o be a(-4). Let g be (-19)/(-7) + 6/o. Suppose 4*y + 24 = 4*k, 2*y + 0 = -3*k + g. Give m(k).
1
Let g(r) = r**2 + 3*r - 5. Let c(m) = -5*m**2 - 11*m + 20. Let v(y) = 2*c(y) + 9*g(y). Let i be (9/(-4))/(6/(-16)). Determine v(i).
-11
Suppose 2*v + 2*v = 56. Suppose v = 4*l + 5*a, 5*l - 8*a = -4*a - 3. Let w(k) = 1 + k**3 - k + 0 + 4*k**2 + l. Give w(-4).
6
Let y(s) = 6 + 4*s + 3 - 2 - 1. Let m(d) = 13*d + 18. Let q(g) = -2*m(g) + 7*y(g). Suppose 5*n - 2*o + 22 = 0, 4*o - 2 = 2*o. Calculate q(n).
-2
Let f(p) = p**2 + 1. Let b be 5/2 + 7/14. Determine f(b).
10
Suppose 2*h + 3 + 7 = -2*w, 4*h = 4*w + 20. Let i(g) = -2*g - 5. Give i(w).
5
Let f = -16 - -46. Let x(a) = f - 30 + a. What is x(-3)?
-3
Let n be (0 - -1)/(1/3). Let k(u) = -u + 0 - n + 0 + 1. Give k(0).
-2
Let t(a) = a**2 - 11*a + 11. Let l(b) = -8*b + 49. Let d be l(5). Calculate t(d).
-7
Let j = -12 - -17. Let b(g) = g + 11. Let m(q) be the third derivative of 5*q**3/3 - q**2. Let y(d) = j*m(d) - 4*b(d). What is y(4)?
-10
Suppose -f + 16 = 6. Suppose -i - 4 = -f. Let q(w) = -w**2 + 5*w + 2. Determine q(i).
-4
Let u(g) = g**2 + 9*g + 10. Let c = -52 - -45. Give u(c).
-4
Let z(o) = -3 + 0*o**2 - 2*o**2 + 0 - 2*o. Suppose 6*p - 25 = p, 0 = -n - 5*p + 23. Calculate z(n).
-7
Let w(p) = -3*p + 1. Let g = 31 - 28. Determine w(g).
-8
Let p be (-26)/(-12) + (-2)/12. Suppose a + 5*v = -25, 0*a - 15 = -p*a + 3*v. Let r(s) = -5 + 0 + a + 1 + s. Give r(0).
-4
Let k(j) = -j**2 - 5*j + 5. Let a be k(-5). Let w(x) = -x**2 + 6*x + 1. Calculate w(a).
6
Let j(d) = 4*d**2 + 3. Let u(g) = g**2 - 1. Let i be 13/5 + 4/10. Let c(a) = i*u(a) - j(a). Let l = -2 + 2. What is c(l)?
-6
Let w be 4 + (1/(-1) - -1). Let j(i) = 3*i - 8. Let y(c) = 1. Suppose -k + 5*k - 25 = 5*l, 3*k - 12 = -3*l. Let b(d) = l*j(d) - 3*y(d). Calculate b(w).
-7
Let c(q) = 2*q + 19. Let o(d) = d + 9. Let j(f) = 3*c(f) - 7*o(f). Determine j(-4).
-2
Let j(g) be the third derivative of g**6/240 + g**5/30 + g**4/8 + 2*g**2. Let u(y) be the second derivative of j(y). Give u(-4).
-8
Let c(r) = -r**3 - 6*r**2 - 6*r - 3. Let u be c(-5). Let q(n) = u + 0 + 2*n + 2. What is q(-3)?
-2
Let b(s) = 4*s**2 - s. Let q(p) = 5*p**2 - p - 1. Let o(a) = -a**2 + 6*a + 6. Let v be o(6). Let l(u) = v*b(u) - 5*q(u). What is l(-4)?
-7
Let s(x) = -2*x - 7. Let l(r) be the third derivative of 1/4*r**4 + 10/3*r**3 + 0*r - 3*r**2 + 0. Let u(d) = 3*l(d) + 8*s(d). Calculate u(-3).
-2
Let k(z) = 2*z. Let c(t) = 17*t + 1. Let q(n) = c(n) - 4*k(n). What is q(1)?
10
Let p(s) = 25*s - 53*s + 33*s. Determine p(-3).
-15
Let o = 0 + 2. Let c(g) = 6*g - 7*g - 4*g**o + 3 - g**3 - 1. Determine c(-4).
6
Suppose -3*o = -2*t + 10, 4*o - 2*t - 2*t + 12 = 0. Let z = -3 + 5. Let n(s) = -s**3 - 4*s**z + 6 + 3*s + 2*s**3 - 2*s**3. Calculate n(o).
-6
Suppose h + 2 = -2*y - 0, 3*h + 2*y = 2. Let n(m) = -1 + 0 - h*m + 0*m. Let p(t) = -t**3 - 4*t**2 + t + 1. Let g be p(-4). What is n(g)?
5
Let q = -14 + 9. Let u = -1 - q. Let w(p) = p**2 - 2*p - 3. Give w(u).
5
Let x(v) be the second derivative of -2*v**2 + 1/3*v**3 - 2*v + 0. Calculate x(3).
2
Let k(c) be the third derivative of c**6/120 - c**5/10 + c**3/6 - 8*c**2. Calcula